et x = -821 + w. Is x a prime number?
True
Suppose 0 = -31*i - 394512 - 44882. Let t = 23893 + i. Is t a composite number?
False
Is (-189755*(-12)/(-120))/(2/(-4)) a prime number?
True
Let m be (2070 - 1) + (-23 - -27). Suppose -m - 14448 = -3*r. Is r a composite number?
False
Let d be (-2 - (-70)/20) + (-34)/4. Is (-2 - (-89215)/(-20))*(d + 3) prime?
True
Let n(i) be the first derivative of -i**5/20 + 2*i**4/3 + 7*i**3/6 - 9*i**2/2 + 23*i + 9. Let t(o) be the first derivative of n(o). Is t(8) a composite number?
False
Suppose -195 = -0*u + 13*u. Is u/(-5) - 1 - -3495 composite?
True
Let x(u) = 425*u**3 + 8*u**2 + 24*u + 53. Is x(8) prime?
True
Suppose -3*x - 2 = 2*a, x = -x - 3*a - 8. Let f(g) = -2*g**2 + 50*g + 669. Let r be f(-68). Is x/(-13) + r/(-39) composite?
False
Let p = 606 - -181. Is p a composite number?
False
Let r = 9 + -7. Suppose r*a + f + 1 - 4 = 0, -a = -4*f + 12. Suppose 5*t = -15, -3*t = -4*i - a*t + 821. Is i a prime number?
False
Suppose -12*i = -57*i + 2973465. Is i a composite number?
True
Let j(o) = -58561*o**3 - 2*o**2 + 19*o + 37. Is j(-2) a composite number?
True
Let c = 45 + -40. Suppose -c*d = -7*d + 1814. Is d a composite number?
False
Let v = -3001290 - -5330189. Is v composite?
False
Let s = -5795 - -13226. Suppose -7*f - 5*u + s = -6*f, 0 = -f - 3*u + 7431. Suppose -4*i = -i - f. Is i composite?
False
Suppose 14*a = -0*a - 123536. Let g = a + 19547. Is g a prime number?
True
Is (1/1)/(8/(-63046416)*-6) composite?
False
Let q = 2221 - 1047. Suppose 60*r - q = -2*s + 62*r, 0 = 2*s - 3*r - 1175. Is s a prime number?
False
Let w be (9/6)/(1/(-42)). Let x = w - -55. Is (-2)/x + 1422/8 a composite number?
True
Suppose -66*p + 63*p = -51. Suppose 2794 = -p*g + 19*g. Is g composite?
True
Suppose -2577029 = -11*z - 80*z. Is z a prime number?
True
Suppose -60139 = -y - 3*p, 4*p - 6*p = 14*y - 841786. Is y composite?
False
Let i = -58431 + 83088. Is i prime?
False
Let j(m) = m**3 - 18*m**2 - 66*m - 15. Suppose 0 = 4*b - 167 + 79. Is j(b) prime?
False
Let y(u) = u**3 - 3*u**2 + 4*u - 3. Let h be y(3). Suppose 0 = -v + h*v - 48. Suppose 2*d - v = -d. Is d a composite number?
False
Suppose 3*x - 3*m = 13072 + 75053, 5*x - 3*m - 146867 = 0. Is x a prime number?
False
Let r(y) = -189*y - 199. Is r(-4) a prime number?
True
Let n(o) = o**3 - 11*o**2 - 6*o - 13. Let a = -83 + 99. Is n(a) prime?
True
Let k be 530462/12 + 19/(-114). Suppose -k + 10743 = 9*o. Let m = 7017 + o. Is m prime?
True
Let d = 11495 - 1351. Let x = -1857 + d. Is x composite?
False
Let x be (12/(-3) + 3)*(-18)/3. Suppose 5742 = x*f + 1116. Is f composite?
True
Let w(x) = -47*x - 23. Let y be (30/9)/5*9/(-6). Let k be (-6)/(y + 0 - -2). Is w(k) a prime number?
False
Suppose 144*f + 11989494 = 586*f - 14650288. Is f a composite number?
False
Suppose 4*r + 2 = 18, -4*i - 3*r - 18956 = 0. Let g be 0 + -3 - 5/((-40)/(-59184)). Let b = i - g. Is b composite?
False
Let h be 6158/((-6)/(-36)*6). Is (h/(-3))/(20/(-30)) a prime number?
True
Is ((-16)/((-192)/(-25690476)))/1*2/(-14) prime?
True
Let d = 54825 + 19114. Is d prime?
True
Suppose 4*w = 4*b - 1016 - 256, 640 = 2*b - w. Let f be 2/6 - 110/(-30) - b. Let r = 451 + f. Is r prime?
False
Let m = 16 - 5. Suppose m*x = 12*x - 24807. Is x/21 + (-12)/42 a composite number?
False
Let r = -436 + 451. Suppose 15723 + 17742 = r*n. Is n prime?
False
Let p = -75130 - -136299. Is p a composite number?
False
Is (-46)/(-667) + (-27)/(-29) - -75342 a prime number?
False
Let m(i) = 20*i - 8 - 8*i - 3 - 11*i. Let k be m(-13). Is 199/3 - k/36 a prime number?
True
Let g be (-1)/4 + 956025/100. Suppose 3*i - 26567 = -g. Is i a prime number?
True
Let r be -73322*4/48 + 2/12. Is (-3)/(-1) - 0 - r a composite number?
False
Suppose -b - 13 = -4*m - 38, 34 = b + 5*m. Suppose b*k - 110877 = -10*k. Is k a composite number?
False
Let q = -257 - -262. Suppose 3098 + 6557 = q*a. Is a a composite number?
False
Suppose -3*j - 10 = 3*t - 2*t, -45 = -4*t + 5*j. Suppose -1727 - 29083 = -t*i. Is i/24 + (-2)/(-8) prime?
True
Suppose 285*u - 286*u = 4*h - 1070430, -4*u = -5*h + 1338069. Is h a prime number?
False
Let u be (-23 + 32)*2/3. Let j(m) = 30*m**2 + 12*m - 5. Is j(u) prime?
False
Suppose 69*l = 7861140 - 1651084 + 2560051. Is l a composite number?
False
Suppose -4*s = m - 3*s - 13074, 4*m = 2*s + 52290. Is m prime?
False
Suppose 8*x - 48 = -8. Suppose 0 = 3*q + x*j - j + 637, -j + 617 = -3*q. Is q/(1 + -2) + 2 composite?
True
Let l(i) = -4*i**2 + 121*i - 25. Let u be l(30). Is (228/u)/((-4)/(-1280)) - 1 a prime number?
True
Let v(f) = -f**3 + 5*f**2 + 2*f + 3. Let k be v(5). Suppose -3*h = -7 + k. Is 110 - (1 - (4 + h)) a prime number?
False
Suppose 2*m + 62940 = 200230. Is m a prime number?
False
Is (7 - 11 - -3)*(67991/(-1) + -2) composite?
False
Let v(m) = -8*m**3 - m**2 - 2*m + 6983. Let t = -145 + 145. Is v(t) a composite number?
False
Let j = 511957 - 233928. Is j prime?
True
Let a(i) = -759*i - 6. Let r = -211 - -210. Is a(r) a prime number?
False
Let x = 26679 - 14416. Is x composite?
False
Let o(x) = 251*x**2 - 9*x - 3. Let g be 70/56*(9 - 1). Suppose -3*h = -4 + g. Is o(h) a composite number?
False
Let a(w) be the first derivative of -131*w**2/2 + 23*w + 6. Let n(v) = -66*v + 11. Let r(x) = -6*a(x) + 13*n(x). Is r(-2) a prime number?
True
Is (-12 + 2/(-5)*-45)/(6/68858) composite?
True
Let k(v) = -v**2 + 18*v - 51. Let z be k(4). Suppose -z*r + 3445 = 8*r. Is r a prime number?
False
Let s be (-6)/5*330/44. Is (-30399)/s + (-10)/15 prime?
False
Let x = 24 - 50. Let q = x - -31. Suppose -2*f + 59 = 3*d, 5*f - d + q*d = 158. Is f prime?
False
Let i = -258 - -258. Suppose 0*q + 3*q - 30939 = i. Is q a prime number?
True
Suppose 51*p - 322 = 37*p. Suppose -p*x = -39*x + 184928. Is x prime?
False
Suppose -50*v + 48*v + 20 = 0. Let u(s) = 1 - 5 + 17*s - s**2 - 2*s. Is u(v) composite?
True
Let d(b) = -222*b**3 - 2*b**2 - 2*b - 20. Let n(s) = -s**3 + s**2 + 3. Let j(l) = d(l) - n(l). Is j(-6) a prime number?
False
Let l(w) = w**3 - 3*w**2 - 33*w - 7. Let o be l(15). Suppose -2448 - o = -2*s. Is s a composite number?
True
Let b be -3 + 3 - -3 - 6 - -2. Let c be 1*(0 - 2)*(b + 30). Let p = 385 - c. Is p composite?
False
Let p be (1 + 0 - 3) + 247. Let u be (-54 - 138)*(-7)/(-2). Let i = p - u. Is i composite?
True
Let g(h) = 20*h**2 + 364*h + 29. Is g(-21) a prime number?
False
Suppose 5*t - m + 35 = 0, 3*t + 0*m + 14 = 2*m. Is (-5886)/t - (-6 - (-95)/20) composite?
True
Let u be (20/60)/((-91)/(-45) - 2). Suppose 12*y + 9 = u*y. Let t(n) = 215*n + 2. Is t(y) a prime number?
True
Let w = 31243 - 4354. Let c = w + -18430. Is c prime?
False
Let d be ((-4)/8)/(4/(-131448) + 0). Let n = 35020 - d. Is n prime?
False
Suppose 20 = 5*j + 2*m, 0 = -2*j + 4*m + 9 - 25. Is (5951/22)/(1/j) a prime number?
True
Let z(p) = p + 16. Let c be z(-14). Suppose -2 = 2*l - 5*g - 1, 0 = -3*l + 4*g + c. Suppose 2*b + l*q + 60 = 4*b, 4*b - 124 = 3*q. Is b composite?
True
Suppose 3*i + 8 = 5. Let w be (4*2)/((-2)/(-3)*i). Is (-1)/((-66)/w) + (-8681)/(-11) a prime number?
False
Let l be (-2)/(-9) - (-336)/(-54). Let y be (-34509)/(-15) + l - (-2)/5. Suppose 3*r = 7*r - 3*b - y, 3 = -3*b. Is r a composite number?
True
Let w(n) = 122*n**2 - 25*n + 10. Let j be w(16). Suppose j = 2*l - 3*r, r - 61712 = l - 5*l. Is l prime?
True
Let p = -1128625 + 3389846. Is p composite?
True
Let x(b) = 1152*b + 5. Let k = 549 + -548. Is x(k) composite?
True
Suppose 103*c - 790334 = 2987947 + 3123440. Is c a composite number?
True
Let w = -268726 - -703477. Is w a composite number?
True
Let u be 11/5 - 2/10. Let g be 4 - (((-8)/2)/(-2) - u). Suppose 2*h - 998 = -g*w, 990 + 274 = 5*w - 3*h. Is w composite?
False
Suppose -2*v - 4 = 3*v - 4*m, -5*m = -4*v + 4. Let j(b) = -173*b - 7. Let n(y) = y + 1. Let d(q) = j(q) + 4*n(q). Is d(v) a composite number?
False
Let g(h) = 10*h**2 + h - 2. Let b be g(1). Suppose -10*p = -b*p - 1308. Suppose 4*w = 4*v + 5436 + p, -4*w = -v - 6741. Is w a composite number?
True
Let z(p) = 12*p**2 + 10*p + 17. Let a be z(-12). Let l = -558 + a. Is l prime?
False
Let p(g) = 1635*g**2 + 2. Let j(x) = x + 5. Let h be j(2). Suppose 12*r - 5*r = -h. Is p(r) a composite number?
False
Let x = -2227 - 415. Let h = x + 6025. Is h prime?
False
Suppose 0 = 3*a - 15, 1